What is the units digit of b?
0
Suppose -t - y = -1300, -t - 3*y = -6*y - 1280. What is the thousands digit of t?
1
Let m = 0 + 10. Let f(s) = s**2 - 8*s + 14. What is the units digit of f(m)?
4
What is the hundreds digit of 538330/208 - -2*2/(-32)?
5
Let t(x) = 11*x**2 - 12*x + 25. What is the thousands digit of t(-11)?
1
Let m be -2*1*(1 - -4). Let z = 13 + m. Suppose -72 = -z*a - 12. What is the tens digit of a?
2
Let v(b) = -14*b**2 - 2 + b + 7*b**2 + 16*b**3 + 9*b**2. Let l be v(1). Let x = l + 8. What is the tens digit of x?
2
Let q(n) be the first derivative of n**2/2 + n - 5. Let o be q(1). What is the units digit of o - 4*(-3)/(-12)?
1
Let j(q) = q**2 - 7*q - 6. Let i be j(9). Let o be 2 - ((-16)/(-6) + 4/12). What is the units digit of i + -11 - 43/o?
4
Let h(n) = 2*n - 8. Let o be h(11). What is the units digit of (o/4 - 2)/(9/312)?
2
Suppose 3 = -3*v - 0. Let z be 0/(-2)*v/(-2). Suppose z*k - 60 = -4*k. What is the tens digit of k?
1
Let n = -364 + 35. Let q = n + 561. What is the tens digit of q?
3
Let s(r) = r**3 + 5*r**2 + 3. Let f be s(-6). What is the units digit of (-6)/f + (-524)/(-22)?
4
Let t(j) = -12 + 12*j**2 - 3*j - j**3 + 3*j**3 + 6*j**2 - j**3. What is the units digit of t(-18)?
2
Suppose 4*x - 3*k - 8 = 17, 9 = -3*k. Suppose -b + 15 = x*m, 3*b + 4*m = 17 + 4. What is the tens digit of 65/b + 1/3?
2
Let s be (-2)/(-13) - 24669/(-117). Suppose -4*u + s = k, 121 = 2*u + 4*k + 33. What is the tens digit of u?
5
Let i(n) = -11*n + 23*n - 15*n. Let a be i(6). Let s = a - -27. What is the units digit of s?
9
Let p(q) = 2*q**3 + 53*q**2 - 53*q - 60. What is the tens digit of p(-25)?
4
Suppose 0 = -3*m - 9, 0*m - 1245 = -3*k + 5*m. What is the units digit of k?
0
Suppose 0 = 4*t + 13*t - 2023. What is the hundreds digit of t?
1
Let m(i) = -6*i**3 - 5*i**2 + 17*i - 19. What is the hundreds digit of m(-6)?
9
Let a = 222 + -402. What is the tens digit of a/12*58/6*-1?
4
Suppose 15 = -2*q - 5*s, 2*s - 5 - 7 = q. Let o = q - -7. Let v(z) = 2*z**2 - z. What is the units digit of v(o)?
1
Let r = -5 + 10. Suppose 4*h + 538 = 3*t, 5*t + r*h = t + 676. What is the units digit of t?
4
Suppose -5*h = -3*b - 3927 - 1983, -h + 1184 = -b. What is the units digit of h?
9
Let a(t) = t**3 - 25*t**2 + 30*t - 6. What is the units digit of a(25)?
4
Let i(v) = v**2 + 2*v - 33. Let n be i(5). Let x = 7 + -5. Suppose 6 = x*b + n. What is the units digit of b?
2
Suppose q - 2*j = 3*j + 16, -3*q = -j - 76. Suppose 2*n = -v + 75, 2*v = 5*n + 131 - q. What is the units digit of v?
5
Let i be (20/(-100))/(1/(-95)). Suppose -17*x + i*x = 386. What is the units digit of x?
3
What is the tens digit of (-6416)/(-14) + 17/((-1071)/18)?
5
What is the tens digit of -8*(1720/(-32) - 3)?
5
Suppose -4 = 5*g - 9*g. Let p be 67*g*(-2 - -4). Suppose -4*t - 3*a + p = 0, 4*t + 0*t + a = 130. What is the units digit of t?
2
Let b = -4 + 4. Suppose b = w + 3*w - 204. What is the units digit of w?
1
Let r = 736 + -316. What is the units digit of r?
0
Let q(t) = -t**2 + 10*t - 16. Let s be q(7). Suppose s*o + 6 - 156 = -5*x, -114 = -4*o + 2*x. What is the units digit of o?
9
Let c(m) = -m**2 + 10*m - 7. Let a be c(9). Let q = a - -1. Suppose 4*j = 4*k - 52, 0 = -2*k - 2*j - q*j + 5. What is the tens digit of k?
1
What is the units digit of (-2)/7*(-272979)/126?
9
Suppose -2*p - 2*w = -16, -4*w + 0*w = 3*p - 20. Let v = 41 - p. What is the tens digit of v?
2
Suppose 29*y + 3108 = 36*y. What is the hundreds digit of y?
4
Suppose -4*g = 5*v + 5, -g + v + 3 - 11 = 0. Let r = g - -14. What is the units digit of r?
9
Let d = 720 - 346. What is the tens digit of d?
7
Let z = 2673 + -1417. What is the units digit of z?
6
Suppose -4*o + 40 = -5*z, o - 32 = 4*z + 2*o. What is the hundreds digit of 2630/25 - 1*z/10?
1
Let x(d) = -8*d - 19. Let m be x(-4). What is the tens digit of m + -17 - 46/(-2)?
1
Let v = -1709 - -4058. What is the units digit of v?
9
Suppose 0 = -10*h + 6*h + 7744. What is the thousands digit of h?
1
Let v(a) = 11*a - 7. Let i(d) = 32*d - 21. Let m(k) = -3*i(k) + 8*v(k). What is the tens digit of m(-4)?
3
Let g be (-3)/6*4 - -6. Suppose -g*i + 8*i - 116 = 0. What is the tens digit of i?
2
Let l = 969 + -604. What is the hundreds digit of l?
3
Let z = -58 + 58. What is the units digit of (z + 1/5)/((-1)/(-25))?
5
Suppose -178 = -v + 25. Suppose 6*t + t - v = 0. What is the units digit of t?
9
Let v(h) = -h - 4. Let r be v(-24). Let i = r + 247. What is the units digit of i?
7
Suppose -5*v + 6 = -3*v. Suppose 573 = v*a - 2*g, -3*a = -a - 3*g - 382. Suppose -4*k + 3*c + a = 0, -k + 29 = 2*c - 5. What is the units digit of k?
4
What is the units digit of (-15)/2*1/(-6)*1460?
5
Let b be (-7)/((-14)/4) + 1 + 9. Let n be 2409/27 + 4/(-18). What is the tens digit of b/42 + n/7?
1
Let l(f) be the third derivative of f**5/60 - f**4/12 + f**3 - 13*f**2. Let a = -1 - 2. What is the units digit of l(a)?
1
What is the units digit of 2/6 + (-123284)/(-84)?
8
Let w(i) = -2*i - 3. Let s(b) = 4 - 1 + 1 - 3. Let f(d) = -5*s(d) - w(d). What is the tens digit of f(10)?
1
Suppose 5*g - 3*h - 590 = -0*g, 4*h = g - 118. Suppose 2*p + 8 = g. Suppose u = -b + 2*u + p, -5*b = 3*u - 243. What is the tens digit of b?
5
Let k be (3/(-6))/(4/48). What is the units digit of (-89)/k - -1 - (-6)/36?
6
Let l be -7*(8/6 + (-49)/21). Suppose -6*r = -l*r + 49. What is the tens digit of r?
4
Let p(q) = -q**2 + 18*q - 14. Let x be -5 + 3 + -1 + 16. What is the tens digit of p(x)?
5
Suppose 5*t = -5*l + 3180, -10*l + 13*l - 1275 = -2*t. What is the units digit of t?
3
Let a(w) = 4*w**2 + 6*w + 2. Let h(x) = x**2 - 4*x - 1. Let q be h(3). What is the units digit of a(q)?
2
What is the tens digit of 12711/9 + (-2)/6?
1
Let c be 2/8 + (-7)/(-4). Suppose -2*k = 4*x - 60, 2*x + c*k - 14 = -3*k. Suppose 20*q - x*q = 156. What is the units digit of q?
2
Let u be (-4)/14 + (-22)/(-77). Suppose -b + u*b + 3 = 0. What is the units digit of b?
3
Suppose -2*q - 5641 = -5*r + 2376, 3*q = 12. What is the units digit of r?
5
What is the hundreds digit of (-6)/(-72) + (-8854)/(-24)?
3
Let x = 25 - 25. Suppose 2*i - f = i + 39, -4*f - 8 = x. What is the units digit of i?
7
What is the tens digit of (-8760)/36*(-36)/10?
7
Suppose 0 = 3*u - 15 - 0. Let y = 2 + 0. Suppose -y*l - 6 = -u*l. What is the units digit of l?
2
Let g = 0 + 4. Let v(r) = 0*r + r**3 + 5*r + 2 - 2*r - 6*r - r**2. What is the units digit of v(g)?
8
Let b(k) = -k**3 - 14*k**2 + 4*k + 11. What is the units digit of b(-16)?
9
Let v(f) = f**3 - 10*f**2 + 8*f + 12. Let j be (-3)/2*6*-1. Let o be v(j). What is the tens digit of 3 - (-3 + -50) - o?
5
Let o(n) = 5*n + 11 + 5 - 1. What is the units digit of o(8)?
5
Suppose 2 = -v + r + 4*r, 0 = 2*v + r - 18. Let w(s) = 3*s**2 + 8 - 4*s**2 + 698*s - 685*s. What is the units digit of w(v)?
8
Let q be ((-20)/(-6))/((-4)/(-6)). Suppose -2*u - q*o + 40 = u, 2*o = 4*u - 10. Suppose -l - 3*a = -u*l + 68, -2*a = 2*l - 20. What is the tens digit of l?
1
What is the hundreds digit of (172 - -34)/((-4)/(-6))?
3
Suppose -23*b + 27*b + 24 = 0. What is the units digit of (b/24)/((3/(-188))/3)?
7
Suppose -5 = -2*g + 5*m, -g + m = -2*g + 13. Suppose 2*d - 312 - g = 0. What is the hundreds digit of d?
1
Let z be 152/56 + (-4)/(-14). Suppose -2 = h - t - z, -2*h + 5*t = 10. Let p(a) = a**3 - 6*a**2 + 6*a + 9. What is the tens digit of p(h)?
1
Suppose 0*o + 2*o - 1514 = 0. What is the units digit of o?
7
Let a = -17 + 20. What is the units digit of 0 + 2 + a + (0 - -76)?
1
Let n = 245 - -133. What is the hundreds digit of n?
3
Let c(z) = z**2 + 10*z + 22. Let m = 4 - 24. What is the units digit of c(m)?
2
Let c(x) = x + 1. Let p(a) = -4. Let v(w) = -c(w) + p(w). Let y = 3 - 9. What is the units digit of v(y)?
1
Let l(b) = -b**2 - 7*b + 6. Let w be l(-8). Let m be (-3)/((-9)/606) - -3. What is the tens digit of m/9 - w/9?
2
Suppose 5*g = -m - 55, 3*m + 5*g - 3*g + 178 = 0. Let p(y) = y**2 - 10*y - 5. Let f be p(8). Let x = f - m. What is the units digit of x?
9
Let u(w) = 10*w**2 - 3*w + 43. What is the units digit of u(-6)?
1
Suppose -12*t + 7*t + 135 = 0. Suppose 7 = -4*s + t. Suppose -2*u = 5*v - 22, 0*u - v - 109 = -s*u. What is the tens digit of u?
2
Suppose -5*x = -2*u + 244 + 31, 0 = 2*u - 4*x - 276. Suppose -v = 3*v